9 - -147. Let s be ((-10)/(-8))/(1/4). Suppose 5*f + s*x = 25, 2*x = 5*f + 5*x - 33. What is the greatest common factor of n and f?
9
Suppose -s + 211 = -77*i + 82*i, -5*i + 1075 = 5*s. Calculate the highest common factor of s and 80.
8
Suppose -2*o + 720 = 3*o. Let v be 10*(-10 + (-540)/(-50)). Calculate the greatest common divisor of v and o.
8
Suppose 5*f - 2*a - 371 = 110, 4*f = 3*a + 389. What is the highest common factor of 19 and f?
19
Let u be (6 - 1)/(4/12). Suppose -22*a - u = -27*a. Suppose a*y = 40 + 125. What is the greatest common factor of 11 and y?
11
Let k be (2 - 2) + (43 - 38). Calculate the greatest common factor of k and 265.
5
Let g = -660 - -679. Let n = -75 - -208. Calculate the greatest common divisor of n and g.
19
Suppose -2*h - 113 = 15. Let a = h + 69. What is the highest common divisor of a and 10?
5
Let r = -618 + 631. Suppose -257 = -3*v + 16. Calculate the highest common divisor of r and v.
13
Let o be 26/156*(-9)/(-3)*328. What is the highest common factor of 4756 and o?
164
Suppose 0*w + 5*o + 25 = 5*w, -3*w - 3*o - 9 = 0. Let u(f) = 16*f - 2. Let t be u(w). Let b be 2/(-4*2/(-140)). What is the highest common divisor of t and b?
7
Let n = 14 - 29. Let g = -14 - n. Let f(z) = 18*z**2 - 2*z + 1. Let a be f(g). What is the greatest common divisor of a and 17?
17
Let o(v) = -56*v - 166. Let c be o(-4). What is the highest common factor of c and 6?
2
Let c(n) = -3*n**3 - 4*n**2 - 2*n + 4. Let a = -28 + 25. Let h be c(a). Calculate the greatest common divisor of 11 and h.
11
Let n be -1*2/(-5)*10. Suppose -n = -2*y - 5*v + 4, 2*y = 4*v + 26. Let b be (-1 - -4) + y + -3. What is the highest common factor of 27 and b?
9
Let j(p) = 2*p**2 + 19*p - 100. Let v be j(8). What is the greatest common factor of 20 and v?
20
Let n(i) = 3*i**2 + 37*i - 24. Let k be n(-13). Calculate the highest common divisor of k and 6.
2
Let o(k) = -11*k + 349. Let q be o(15). Suppose -4*z + 82 = -10. Calculate the highest common divisor of q and z.
23
Suppose 0 = 2*s - 5 - 5, -5*s + 262 = 3*f. Suppose -3*x - 19 = -f. Calculate the highest common factor of x and 5.
5
Let f = -2104 - -2130. What is the greatest common divisor of f and 1313?
13
Suppose -3*v = w - 3*w + 30, 3*w = -5*v + 83. What is the highest common divisor of 273 and w?
21
Suppose -5*l + 38 + 62 = 0. Suppose 3*n + 21 + 19 = 2*a, -60 = -3*a + 2*n. What is the highest common factor of a and l?
20
Let d = 197 + -159. Calculate the highest common divisor of 57 and d.
19
Suppose 5*j + 5*u = 2625, -4*j + 31*u - 34*u = -2102. What is the highest common divisor of 34 and j?
17
Let a = 279 - 15. Let z = a - 165. What is the highest common factor of z and 9?
9
Let w = 29 - 25. Calculate the greatest common factor of w and 2.
2
Suppose 12 = 7*u - 3*u, -t + 5*u - 9 = 0. Suppose -t = -3*m - 0*m. Let i = 222 - 219. Calculate the highest common factor of m and i.
1
Let v be 1*15/3 - 3. Suppose -2*c = -p + 13, v*p + 4*c = 3 + 23. What is the greatest common divisor of p and 26?
13
Suppose 4*r - 324 = r. Suppose 3*h = 7*h - r. What is the highest common factor of 18 and h?
9
Let b be ((-136 + -4)*-2)/(-1). Let q = 514 + b. What is the highest common factor of q and 26?
26
Let l be 32/(-40)*-25*26/5. Calculate the highest common divisor of l and 26.
26
Let w be -2*2*(-30)/8. Let l be 3 + (-96)/(-4 + 1). Suppose -4*n = -p - 4*p + 55, -2*p + l = n. Calculate the highest common factor of p and w.
15
Let m = -3 - -9. Let d = -3 + m. Let y be ((-5)/15)/(d/(-225)). Calculate the greatest common divisor of y and 5.
5
Let i(g) = -g - 9. Let x(m) = -m + 6. Let p be x(6). Suppose p = -6*o - 6 - 84. Let y be i(o). What is the greatest common factor of 15 and y?
3
Let b be (-60)/(-14) - ((-104)/28 - -4). Suppose -b*l - 2*f = -6*f - 80, -4*l = -f - 92. Calculate the highest common factor of 12 and l.
12
Let x(z) = z**2 - 21*z - 44. Let s be x(24). What is the greatest common divisor of s and 35?
7
Suppose 13 + 1 = 2*h. Let y be 212/6 - (-14 + (-172)/(-12)). What is the greatest common divisor of h and y?
7
Suppose -1250 = -137*u + 132*u. What is the greatest common divisor of u and 10?
10
Let r be 200/20 + 3/((-6)/8). Suppose -r*z + 21 = -195. Suppose -2*m + 2*t = -5*m + 14, -9 = -3*m + 3*t. What is the highest common factor of m and z?
4
Suppose -2*h = -2*m - 5*h - 16, 3*h = 2*m + 40. Let f be ((-12)/m)/((-27)/(-252)). Calculate the highest common divisor of 8 and f.
8
Suppose -42*u = -1988 - 574. What is the greatest common factor of 183 and u?
61
Suppose 2*d - 1486 = -3*r + r, 3*d - 1485 = -2*r. Let t = r - 322. Suppose 0 = 6*c + 62 - t. Calculate the greatest common factor of c and 24.
12
Let j = -105 + -31. Let b = j + 196. Calculate the greatest common divisor of b and 40.
20
Let u be 1846/8 + ((-10)/40)/(-1). Let j be (-5 + 7)*(-21)/(-2). Calculate the highest common factor of u and j.
21
Let y be (3 + 1)/((-8)/(-80)*5). What is the highest common factor of y and 472?
8
Let i(d) = -6*d**2 - 32*d - 9. Let u be i(-5). Suppose -4*t + 40 = k, 5*t + 6*k = k + 65. What is the highest common factor of t and u?
1
Let m be -3 - (-12)/9*6. Suppose 0 = -10*d + m*d - 10. Let g be (1 - 2) + 7 + d. Calculate the greatest common divisor of g and 28.
4
Suppose -76 = 3*g - 5*g. Let b = g - 24. Calculate the highest common factor of 2 and b.
2
Let t be (-104)/(-32) + 6/8. Suppose 9*c - 25 = t*c. What is the highest common divisor of c and 75?
5
Let a(t) be the second derivative of -t**5/20 - t**4/12 - t**3/2 + 3*t**2/2 - 13*t. Let s be a(-4). Calculate the highest common divisor of 7 and s.
7
Suppose 317 = -9*h + 1532. Let l = h + -63. What is the highest common factor of l and 18?
18
Let v = -4 + 12. Suppose -5*d = -d - v. Let x be 1 + 1008/(d + 2). What is the highest common factor of x and 23?
23
Suppose -959 = -w - 903. Calculate the highest common factor of w and 112.
56
Let f(r) = 4*r + 15. Let u be (-20)/(-6)*54/15. Let b be f(u). Let d be ((-7)/(-2))/((-2)/(-12)). What is the greatest common divisor of d and b?
21
Suppose -7*v + v = -42. Suppose -2*r + v*r = 330. Calculate the greatest common factor of 12 and r.
6
Suppose 0*r + 16 = 5*r + 3*b, -5*r + 31 = -2*b. Suppose r*j - j - 4*i = 40, -3*j + 27 = -2*i. What is the greatest common factor of j and 49?
7
Suppose 5*g - 5 = -5*b, 5*g = b + 21 + 14. Let a = g + 14. What is the highest common divisor of a and 30?
10
Let r be (4/(-1))/((-8)/6) + 17. Let o(z) = 10*z. Suppose 0 = w + 2 - 4. Let h be o(w). Calculate the highest common factor of r and h.
20
Let l(j) = -5*j + 142. Let n be l(25). Calculate the highest common factor of n and 1088.
17
Let i(x) = x**3 - 9*x**2 - 12*x + 4. Let r be i(10). Let c(f) = -f**2 - 18*f - 22. Let n be c(r). Calculate the highest common factor of 80 and n.
10
Let u be (-2)/(-19) + 444/114. Calculate the greatest common factor of u and 4.
4
Let x(m) = 2*m**2 + 1. Let d be x(1). Suppose 200 = 2*j + d*j. Suppose 34 = 7*q - 36. What is the highest common divisor of j and q?
10
Let x be 34 + (3 - 1) + -1. Let c be 32/(-40)*x/(-2). Calculate the greatest common divisor of c and 154.
14
Suppose 231 = 2*c + 9*c. What is the greatest common divisor of c and 6?
3
Let c be (0 - (6 + -11))*4. Suppose -w + 160 = -0*w. Calculate the greatest common divisor of c and w.
20
Let w = 74 - 46. Let u(a) = 7*a**2 + 8*a + 2. Let x be u(-2). Calculate the greatest common divisor of x and w.
14
Let t(p) = p**2 - 13*p + 25. Let b be t(8). Let y(k) = -4*k - 10. Let m be y(b). Calculate the greatest common divisor of m and 5.
5
Suppose -45*p + 29792 = 5807. What is the greatest common factor of p and 164?
41
Let y = 79 - 26. What is the highest common factor of y and 795?
53
Let k(t) be the first derivative of 2*t**3 + 3*t**2 - 8*t - 8. Let b be k(3). Calculate the highest common factor of 16 and b.
16
Suppose 0*o = -2*o + 3*q + 91, 4*o = 5*q + 181. Calculate the greatest common factor of 451 and o.
11
Suppose 397*w + 165 = 408*w. Suppose -m - 3 + 9 = -a, 2*a = -5*m + 23. Calculate the greatest common factor of w and m.
5
Let b = -65 + 113. Suppose -2*y = -5*y + b. Calculate the greatest common factor of y and 24.
8
Suppose -8*u + 2493 = 477. Calculate the highest common factor of u and 693.
63
Let x be 4/(1*-2)*-5. Suppose -6*w + 117 = -3*w. Suppose -